of (-139)/(-5) + 20/w?
3
List the prime factors of (4190/8)/((-4)/(-48)).
3, 5, 419
Let r(m) = 2*m**2 + 37*m**3 - 3*m**2 + m**3. Let i be r(-1). Let l = i + 55. List the prime factors of l.
2
Let g(z) = -3*z - 6*z**2 + 1 - z**3 + 2*z**2 + 2*z + 0*z**2. Let r be g(-4). Suppose -r*t - 5*u + 45 = 0, 4*u + 10 = 5*t - 71. List the prime factors of t.
13
Suppose 0 = 2*f + 4*v - 618, -2*f + 4*v + 351 = -283. List the prime factors of f.
313
Suppose 0 = j - s - 0*s + 5, -3*j = -4*s + 14. Let k(m) = -m**3 + 2*m**2 + 12*m + 7. List the prime factors of k(j).
223
Let x = -31 + 33. Suppose x*r - q - 93 = -r, 0 = -r + 3*q + 39. List the prime factors of r.
2, 3, 5
Let h(v) = v**2 + 2*v + 2. Let z be h(-4). Let l = z - 9. Suppose 59 = 4*f - l. What are the prime factors of f?
3, 5
What are the prime factors of (0 - 3/(-1))*(-2368)/(-48)?
2, 37
Suppose -12 - 28 = 4*u. Let o = -23 + u. Let m = -17 - o. What are the prime factors of m?
2
Let b(q) = 5*q**2 - 4*q**2 - 16*q + 5*q**3 + 15*q. What are the prime factors of b(1)?
5
Let z = 18 - 14. Suppose 4*v = -z, -2*y - 4*v = -6*v - 40. Suppose y*u - 71 = 18*u. List the prime factors of u.
71
Suppose 4*u + 3*q - 4 - 10 = 0, 3*q = 3*u - 21. Suppose u*h + 3*x = -10, 0 = h + x - 4 + 8. List the prime factors of 490/(-10)*-1*h.
7
Suppose -328 = -3*r - 5*l, 0 = -4*r + 2*r - 3*l + 217. What are the prime factors of r?
101
What are the prime factors of ((-204)/17 + 103)/(2/4)?
2, 7, 13
Let c = 217 - 154. Let r = -97 + 97. Suppose r = 2*h + i - 55, 5*i - 72 = -5*h + c. List the prime factors of h.
2, 7
Let y(i) = -i**2 + 9*i + 4. Let o be y(8). Suppose h = 4*h - o. List the prime factors of h.
2
Let b(x) = -100*x - 34. List the prime factors of b(-2).
2, 83
Let k = 25 + -25. Suppose -3*p + k*z - 3*z = -225, -3*p + 2*z = -215. What are the prime factors of p?
73
Let p = 485 + -21. Suppose -2*w + i - p = -7*w, 0 = 2*w - i - 180. Suppose -z = z - w. List the prime factors of z.
2, 23
Let j be ((-9)/(-2))/(-3)*-10. Suppose -5*t + 10*t + j = 0. List the prime factors of -5*(-2 + 0) - t.
13
Suppose 5*q + 14 = 3*v + 6*q, -2*v - 14 = -4*q. Suppose -5*l - v*r = -425, 0*l + 5*r + 385 = 5*l. List the prime factors of l.
2, 41
Let r(k) = 5*k**2 - 2*k - 1. Let i be r(-1). Let n = -9 + i. What are the prime factors of n + (3 - -1) + 3?
2
Suppose -12*x + 4*x + 40 = 0. Suppose -u - 4*u - 4*h = -563, 323 = 3*u - x*h. List the prime factors of u.
3, 37
Let g(d) = d**3 - 5*d**2 - 3*d. Suppose 4 + 2 = 2*q. Suppose -q*o = -0*o, 0 = -4*v - 5*o + 24. What are the prime factors of g(v)?
2, 3
Suppose 0 = -59*t + 56*t + 1416. What are the prime factors of t?
2, 59
Let j(v) = -v**2 + 3*v - 18. Let u be j(12). Let i = u + 303. List the prime factors of i.
3, 59
Let a(w) = -11*w**2 - 9*w - 3. Let q(b) = -12*b**2 - 10*b - 4. Let y(j) = 7*a(j) - 6*q(j). Let g be y(-5). Let z = g - -160. List the prime factors of z.
53
Let n(o) = o**2 - 8*o + 12. Let j be n(9). Let t be 9/(2/(-6)*-1). Let d = t - j. List the prime factors of d.
2, 3
Suppose 5*l - 18 = 2. Suppose -260 = l*v - 9*v. List the prime factors of v.
2, 13
Suppose -5*b = -0*x + 3*x, 5*x = 2*b - 31. Suppose -5*k = b*v - 384, 0*v + v - k = 136. What are the prime factors of v?
7, 19
Let w = -150 - -188. Suppose 0 = -g - 28 + 4. Let n = g + w. What are the prime factors of n?
2, 7
Let f(s) = 91*s + 55*s**2 - 91*s. List the prime factors of f(1).
5, 11
Suppose -4*k + 12 + 4 = 0. Suppose -i = b - 93, -3*b = b - k*i - 412. What are the prime factors of b?
2, 7
List the prime factors of 111/370 - (37554/(-20) + 3).
3, 5
Suppose 0 = -3*g + 2*g. Let q(t) = t + 34. Let s be q(g). What are the prime factors of -2*(-3)/(6/s)?
2, 17
Let l(i) = i**3 - 7*i**2 + 6*i + 11. Let w be 7 + -7 + -3 + 11 + 0. List the prime factors of l(w).
3, 41
Suppose 0 = 4*r - 48*y + 53*y - 892, -8 = -2*y. What are the prime factors of r?
2, 109
Let g = -822 + 1210. What are the prime factors of g?
2, 97
Suppose -28*b + 6*b + 16104 = 0. List the prime factors of b.
2, 3, 61
Suppose 5*u = 7*u - 24. What are the prime factors of u + 6/12*1*-2?
11
What are the prime factors of ((-6)/7)/((-65)/189280)?
2, 3, 13
Suppose -16 = -3*s - 5*v - 3, s = 3*v - 19. List the prime factors of (s/3 - 4)*(1 + -19).
2, 3
List the prime factors of (-1150)/((-8)/(-48)*-4).
3, 5, 23
Let h(y) = -y + 29. Let a be h(8). Suppose a = -j + 72. List the prime factors of j.
3, 17
What are the prime factors of ((-6)/48*9644)/(3/(-6))?
2411
Let g(n) = 49*n**2 + 4*n + 4. Let o be g(-5). List the prime factors of o/21 - (-12)/(-21).
3, 19
What are the prime factors of (-25 + 30)/((-4)/(3148/(-1)))?
5, 787
Suppose -236 = -0*n + 4*n - 2*a, 0 = -4*n - 4*a - 236. What are the prime factors of 0 - 0 - n - -2?
61
Let q = -98 - -58. Let m be (-896)/(-10) - (-24)/q. Suppose -5*b + 136 = -m. List the prime factors of b.
3, 5
Let c = 16 - 27. Let z = c + 15. Suppose 3*i + 54 = z*d + 5*i, -d + 3*i + 3 = 0. What are the prime factors of d?
2, 3
Suppose 0 = s - 5*s + 24. Suppose -f = -s*f - 3*p - 12, -p - 2 = f. What are the prime factors of -1*1*(-29 - f)?
2, 13
Suppose -9*i + 11*i = 58. Suppose -4*n - i = 35. What are the prime factors of -3 - 3/(6/n)?
5
Let b be (2/3)/(3*(-2)/(-14976)). Suppose -28*j + b = -20*j. List the prime factors of j.
2, 13
Suppose 0 = 8*m - m - 574. Suppose 3*w = 8*w - j - 355, -m = -w - 2*j. What are the prime factors of w?
2, 3
Suppose -4*b = -5*w - 8467, 2330 + 6146 = 4*b + 4*w. List the prime factors of b.
2, 3, 353
Let c(x) be the third derivative of x**4/12 + 2*x**3/3 - x**2. Let l be c(8). Let q = -11 + l. What are the prime factors of q?
3
Let t(z) = 22*z - 52. Let y be t(23). Suppose y = 5*d - 76. What are the prime factors of d?
2, 53
Let k(v) = 70*v - 8. List the prime factors of k(6).
2, 103
Let l be -1*(0 + 2)*2. What are the prime factors of 6/l + 1206/12?
3, 11
Suppose r = -3*u + 7, 0*r + 2*r + 11 = -u. Let c be (-96)/(-18)*(-390)/r. Suppose t - c = -4*t. What are the prime factors of t?
2, 13
Let s(z) = -49*z + 1084. List the prime factors of s(0).
2, 271
Suppose -2*y + 5*u = -20, 0 = -3*y + 5*u - 2 + 37. Suppose 4*b + y = -2*r + 301, -5*r - 173 = -2*b. What are the prime factors of b?
2, 37
Suppose -4 = -a, -a = -4*f - 3*a + 76. Let r = f + -17. List the prime factors of 35*(r + 18/21).
2, 3, 5
Let b = -21 - -20. Let q be (2 - 1)/(b/(-5)). Suppose i - 4*v - 36 = -2*v, 1 = i + q*v. List the prime factors of i.
2, 13
Suppose -21*j = -5*j - 2128. What are the prime factors of j?
7, 19
Suppose -11*y - 10 = -6*y. Let f be (-3104)/(-36) - y/(-9). Suppose j + 16 = z, -5*z = 4*j - f - 30. What are the prime factors of z?
2, 5
Suppose -82*j - d = -78*j - 7858, 2*j + 5*d - 3938 = 0. List the prime factors of j.
2, 491
What are the prime factors of (-1374)/(-36)*-3*(-4)/1?
2, 229
Suppose 199 = 16*k - 73. Suppose -o = -5*i - 15, o = i - o + 3. What are the prime factors of i - k/(-1) - 1?
13
Suppose -32*r + 67*r = 31745. List the prime factors of r.
907
Let y(b) be the first derivative of 43*b**3/3 + 3*b**2/2 + b - 32. List the prime factors of y(2).
179
Let u = 13 - 9. Let r = 1266 - 1263. Suppose k = -4*z + 6, 5*z - u*z = -r*k + 29. What are the prime factors of k?
2, 5
Let x = 1289 - -487. What are the prime factors of x?
2, 3, 37
Let f(c) = c**2 + 11*c. Let a be ((-42)/9 + 1)*3. Let w be f(a). Suppose w = 3*k + 3*b - 219, 2*k + 4*b = b + 147. What are the prime factors of k?
2, 3
Let y(l) = -11*l**3 - 22*l**2 + 7*l - 31. Let h(c) = -5*c**3 - 11*c**2 + 4*c - 15. Let i(x) = -9*h(x) + 4*y(x). List the prime factors of i(-10).
191
Suppose -1960 = -6*h + 182. Let d = h - 211. What are the prime factors of d?
2, 73
Suppose -20 = 5*q - 10*q. Let v(g) = -q*g - 7 - g - 6 - 2. List the prime factors of v(-6).
3, 5
Let a = 23 - -163. What are the prime factors of a?
2, 3, 31
Let q(c) = -c**3 - 2*c**2 - 2. Let x be q(-2). Let y(d) = -2*d + 1. Let h(j) = -1. Let m(z) = 3*h(z) + y(z). List the prime factors of m(x).
2
Let t(i) = 97*i - 193. List the prime factors of t(12).
971
Suppose 0 = 4*g + 4*k - 968, -3*g + 62*k = 58*k - 719. What are the prime factors of g?
241
Suppose 336*z - 1868 = 335*z. List the prime factors of z.
2, 467
Suppose -5*n - 5*k + 15 = 0, 0*n - 5*k + 6 = 2*n. Suppose -t = 2*p - 55, 7*p - n*p + 125 = 3*t. What are the prime facto